(-10)/(301/(-49) - b) is divided by 18?
16
Suppose -3*v + o = -1146, -365*o = -5*v - 369*o + 1944. What is the remainder when v is divided by 46?
16
Let a(q) = q**2 - 108*q - 2029. Calculate the remainder when a(127) is divided by 77.
76
Let y = 20700 - 20488. Calculate the remainder when 832 is divided by y.
196
Let s(q) = -13*q. Suppose -12*b = -6*b - 2652. Let f = b + -397. What is the remainder when f is divided by s(-1)?
6
Calculate the remainder when 421 is divided by (-30)/40*(-12)/(-1) + 30.
1
Suppose 0 = -4*l + 4*d + 1736, -7*l + 1801 = 4*d - 1281. Calculate the remainder when 510 is divided by l.
72
What is the remainder when 969 is divided by (1 - -15)*-1 - -85?
3
Let u(g) = 10*g + 104. Let h be u(-10). Suppose -4*l + 3*f + h = 0, -4*l + f + 11 + 1 = 0. What is the remainder when 50 is divided by l?
2
Suppose 9*x + 26*x = 355215. What is the remainder when x is divided by 25?
24
What is the remainder when -3*119/21*-1 is divided by ((-18)/30)/(3/(-30))?
5
Suppose 3*l - 18 = -4*g, -197*l - 5*g = -201*l + 24. Calculate the remainder when 9561 is divided by l.
3
Let m(w) = -2*w**3 + 31*w**2 + 53*w - 25. Calculate the remainder when 220 is divided by m(17).
4
Let p be (-2)/(-8) - (-11)/(-44). Let l be 6/(-4) - 1146/(-4). Suppose 0*q - 5*q + l = p. Calculate the remainder when q is divided by 30.
27
Suppose -r - 2*v = -9 - 17, 0 = 3*v + 24. What is the remainder when 1164 is divided by r?
30
Suppose -3*w = -p + 44, 60 = p + 43*w - 42*w. What is the remainder when 34*((-2)/6 + p/24) is divided by 12?
8
Let j be (16/10)/(6/15). Suppose -316 + 83 = -5*m + 3*r, -m = -j*r - 33. What is the remainder when 135 is divided by m?
37
Calculate the remainder when 12580/26 - 90/(-585) is divided by 54.
52
Suppose 16*l - 28 = 132. Let p(a) = a**2 - 19*a + 150. What is the remainder when 536 is divided by p(l)?
56
Let f = 207 + -111. What is the remainder when f is divided by 2 - (3 - (-78)/(-3))?
21
Let a be (-6)/(6 - 12)*-9. Calculate the remainder when a/((-27)/(-2)) + (-290)/(-3) is divided by 10.
6
Let q = 6 - -100. Suppose -12 = -3*a - 5*d + 3, -2*a = -5*d + 15. Suppose x - 36 = -a*x. Calculate the remainder when q is divided by x.
34
Suppose -2*l = 2*a - 14246, 7563*a - 28498 = 7559*a - 3*l. Calculate the remainder when a is divided by 61.
53
Let l(b) = -b**3 + 6*b**2 + 4*b - 8. Let z = 83 + -20. Suppose 3*x - 192 = -z. What is the remainder when x is divided by l(6)?
11
Let f(k) = -k**2 + 2*k - 2. Let w(z) = -2*z**2 - 5*z + 14. Let t(h) = -5*f(h) - w(h). What is the remainder when 54 is divided by t(-1)?
6
Let i = 126 + -18. Suppose -99*h - i = -105*h. What is the remainder when 40 is divided by h?
4
Let u(d) = d**3 + 61*d**2 + 58*d + 94. Calculate the remainder when 1277 is divided by u(-60).
207
Suppose -266*m + 252*m = -630. Let n(l) = -11*l**3 + 4*l + 3. Let o be n(-2). Let u = o - m. What is the remainder when u is divided by 14?
10
Let i(h) = 28*h**2 + 129*h + 527. What is the remainder when i(-4) is divided by 100?
59
Suppose -18 = 4*u - 2*u. Let x(w) = -15*w - 22. Let v be x(u). Suppose -v - 203 = -4*p. What is the remainder when p is divided by 20?
19
Suppose 3*u - 3*b - 59 - 115 = 0, -2*b = -u + 64. Suppose -4*q + 0*q + 108 = 0. What is the remainder when u is divided by q?
25
Let s(h) = h**3 - 12*h**2 + 6*h + 57. Let c be s(11). Suppose c*u + 6 = 0, 3*m - 4*m = 5*u - 119. Calculate the remainder when m is divided by 31.
10
Let y(p) = -2*p**3 - 18*p**2 + 69*p - 34. Let r(v) = v**3 + 10*v**2 - 35*v + 17. Let m(t) = 7*r(t) + 4*y(t). What is the remainder when m(-8) is divided by 42?
35
What is the remainder when (290/7)/(5 - (-272)/(-56)) is divided by 53?
25
Let x(l) = -16*l + 7. Let c be (-30)/(-12) - (-3)/(-3 - -9). Let v be x(c). Let b = v + 61. Calculate the remainder when 38 is divided by b.
18
Let s be (3*12/(-15) + 2)*25. Let l = 33 + s. What is the remainder when l is divided by 14?
9
Let w be (-3)/45*6*-5*1. Suppose 0 = 2*o + 7 + 1, o = w*b - 70. Calculate the remainder when b is divided by 8.
1
Let j(l) = -4*l + 28. Let t be j(-2). Let v(f) = f**2 - 32*f - 106. Let i(u) = -u**2 + 7*u - 1. Calculate the remainder when v(t) is divided by i(6).
3
Let f(q) be the second derivative of q**5/20 - q**4/3 + q**3 + 5*q**2 - 2*q + 1. What is the remainder when 84 is divided by f(3)?
8
What is the remainder when 66/22 - ((1 - 0) + -1056) is divided by 38?
32
Let t(p) = -2*p**2 - 18*p - 12. Let m be t(-10). Let s be (-218)/(-8) + (-24)/m. Calculate the remainder when 34 is divided by ((-3)/4)/((-1)/s).
13
Calculate the remainder when (-14)/4*(-11360)/497 is divided by 24.
8
Calculate the remainder when 235 is divided by (-902)/(-41) + (4/5)/(6/(-45)).
11
Let z = -6740 - -6750. Let o = -12 - -30. Calculate the remainder when o is divided by z.
8
Suppose 41*v + 65 - 702 = 28*v. What is the remainder when 100 is divided by v?
2
Suppose 0 = 14*c - 18*c + 4*p + 156, 4*p - 64 = -c. What is the remainder when 1667 is divided by c?
39
Let p = -177 + 177. Calculate the remainder when ((p - -1)/1)/((-52)/(-4108)) is divided by 8.
7
Suppose 11*t = -28*t + 1677. Suppose 2*o = 5*q + t, -8*o = -13*o - 5*q + 20. What is the remainder when 503 is divided by o?
8
Let z(j) = j**2 - 1226. What is the remainder when 146 is divided by z(36)?
6
Let r = 287 - 283. Let f(s) = 7*s**2 - 13*s - 2. What is the remainder when f(r) is divided by 30?
28
Suppose 17*m + 19301 = 19743. What is the remainder when 2272 is divided by m?
10
Suppose -29*f = -34*f + 295. Suppose -q = 5*q - 78. Suppose -q = -4*g + 71. What is the remainder when f is divided by g?
17
Suppose 0 = 4*r + 5*g + 7 - 3, -4*r - g = -12. Calculate the remainder when 42 is divided by r.
2
Calculate the remainder when (1726 + -1728)*(-2)/((-2)/(-313)) is divided by 37.
34
Let l = 5728 - 5361. What is the remainder when l is divided by 2?
1
Let p = -8016 + 8139. What is the remainder when p is divided by 39?
6
Suppose 69*d - 735 = 2646. Let w(c) = -9*c + 25. Let r(m) = -5*m + 12. Let g(x) = 5*r(x) - 3*w(x). What is the remainder when d is divided by g(10)?
4
Let u(z) = 303*z**3 - 304*z**3 + 3 - 6*z + 2*z**2 - 5*z**2 + 0. What is the remainder when 49 is divided by u(0)?
1
Suppose -33*a - 284019 = 38*a - 1056357. Calculate the remainder when a is divided by 80.
78
Let t = 843 - 582. Suppose -3*y - 57 = -t. What is the remainder when y is divided by 23?
22
Let p be -8*(-2)/12*(-135)/(-10). Suppose 0 = 3*g + 2*n - 5*n - p, -4*g + 5*n + 24 = 0. What is the remainder when 12 is divided by g?
0
Suppose 31*r - 315 = 101*r - 945. Calculate the remainder when 2492 is divided by r.
8
What is the remainder when (28/63)/(5/(-150))*876/(-10) is divided by 38?
28
What is the remainder when (0 + (-376)/(-6))*72/32 is divided by (-126)/(-10) + (-6)/10?
9
Suppose 3*d + 133 = -p, -d = -16*p + 13*p - 409. Let w = p + 278. Calculate the remainder when w is divided by 36.
34
Let d(p) = 19*p - 318. Let h(w) = -37*w + 637. Let o(l) = 5*d(l) + 2*h(l). What is the remainder when o(21) is divided by 42?
41
Let r = -140 - -140. Calculate the remainder when -1*(-4 - (83 - r)) is divided by 32.
23
Calculate the remainder when 1471 - (10/(-6))/(45/(-243)) is divided by 61.
59
Let k be (-73)/(-1) + 66 + -69. Suppose -9*b - 7 = -k. What is the remainder when 328 is divided by b?
6
Suppose -p + 3*v + 28 = 0, 0 = -p - 5*v + 25 + 3. Calculate the remainder when 8314 is divided by p.
26
Suppose -a + 0*a = -4. Let f(m) = m**3 + 2*m**2 + 2*m + 4. Let t be f(-2). Suppose t = -q - q + 108. Calculate the remainder when q is divided by a.
2
Let a = 40 + -27. Let w be 158/(-6) - (-27)/81. Let i(m) = m**2 + 24*m - 16. What is the remainder when i(w) is divided by a?
10
Let k = -7472 - -7561. What is the remainder when 449 is divided by k?
4
Let w = 243 + -240. Suppose 3*f - 329 = -5*l, w*f - 9 = -0*f. What is the remainder when l is divided by 33?
31
Let r be 3*16/18*36/(-24). Calculate the remainder when -1 + r/(-8) - 712/(-16) is divided by 15.
14
Suppose -9 = 5*n + 11. Let u(x) = -x**3 - 5*x**2 - 2*x + 7. Let r be u(n). What is the remainder when (1 - r)/((-3)/(-27)*6) is divided by 2?
1
Suppose -11*n = 8*n - 418. Let y(f) = f**3 - 25*f**2 + 69*f + 31. Calculate the remainder when y(n) is divided by 49.
48
Suppose -17*b = 19*b - 11*b - 11400.